13
Let h(c) be the third derivative of c**6/720 - c**5/120 - c**4/8 - 8*c**2. Let u(m) be the second derivative of h(m). Give u(-4).
-5
Let n(d) be the second derivative of -d**3/3 + 19*d**2/2 + 9*d. Let p be n(9). Let h(j) = 8*j - 1. What is h(p)?
7
Let p(s) = -s + 2*s**3 + 0*s**2 - 3*s**3 + 1 + 0*s + s**2. Let z = -41 + 46. Suppose -3*o + 4*y + 11 = 0, -z*o + 4*y + 7 = -6. What is p(o)?
0
Let c(o) = -5*o**3 + 10*o**2 + o + 18. Let k(b) = -6*b**3 + 9*b**2 + b + 17. Let a(f) = -7*c(f) + 6*k(f). Let z be a(-16). Let u(l) = l**2 + 10*l. What is u(z)?
-16
Let y(n) = n**3 - 2*n**2 + n + 4. Let d(s) = -2*s**3 + 4*s**2 - 3*s - 8. Let f(c) = -2*d(c) - 5*y(c). Give f(3).
-10
Suppose -5*o + 0*o + 3*m = 9, 3*m - 9 = 0. Let k = o - 1. Let q = -3 - k. Let z(s) = s - 1. Determine z(q).
-3
Suppose 333 = 18*a - 15*a. Let k = -108 + a. Let n(c) = c**3 - 2*c**2 - c + 3. What is n(k)?
9
Let f(v) = -2*v + 20*v**3 - 2*v - 19*v**3 - v - 1 - 3*v**2. What is f(5)?
24
Let g(v) = -14*v**2 - 7 + 10*v - 16*v + 13*v**2. Let i be (-8)/12 - (-14)/3. Suppose -3*y - 7 = -4*h, -y = -i*h - 1 - 2. Determine g(y).
-2
Let h(g) = 2*g - 684 - 3*g + 689. Suppose 16 = 4*t - 4*m, 0 = -2*t - m + 5*m + 2. Let x = t + -7. Determine h(x).
5
Suppose -88*h = -19 - 245. Let v(c) = 5 - 1 + 0*c**3 - 2*c**2 + c**3. Determine v(h).
13
Let x(c) = -5*c**3 + 15*c**2 + 5*c - 3. Let k(b) = 9*b**3 - 27*b**2 - 9*b + 6. Let n(i) = -4*k(i) - 7*x(i). Calculate n(4).
-15
Let t = -52 - -49. Let v be ((-1)/1 - t/3) + -2. Let z(f) = f**2 + 3*f + 1. Give z(v).
-1
Suppose 4*t + 61 - 73 = 0. Let j(d) = -3*d**2 + 5*d - 8. Let p(l) = l**2 - 2*l + 4. Let r(v) = 2*j(v) + 5*p(v). Calculate r(t).
-5
Let x(w) = -w + 6. Let g = -13 + 10. Determine x(g).
9
Let u(g) = -g**3 + 6*g**2 - 5*g - 6. Let l be -1 + (115/20 - (-2)/8). Let o be (0 - (l + -1)) + 3*3. Give u(o).
-6
Let s(c) = -c**2 + 6*c + 3. Suppose 3*o + o = -128. Let a = o + 28. Let k(v) = v**3 + 4*v**2 - 3*v - 6. Let y be k(a). Give s(y).
3
Let d = -12 - -64. Let y = 73 - d. Let o(x) = -42 + y + 23 - 2*x. Give o(6).
-10
Let d = -7 + 5. Let n be 2 + d + 4 + -3. Let t(c) = c**3 - c**3 - 3*c**3. Determine t(n).
-3
Suppose 0 = 18*u + 41*u + 236. Let w(f) be the third derivative of -2*f**2 + 1/120*f**6 + 0*f - 1/3*f**3 + 1/15*f**5 - 1/12*f**4 + 0. Give w(u).
6
Let w(h) = h - 11. Let t = 4 + 9. Let f be w(t). Suppose -f*q - 6 = -5*q. Let i(y) = 8*y - 3. What is i(q)?
13
Suppose 24*i - 14 = 26*i. Let v(w) = w. Let o(n) = n - 1. Let m(b) = i*v(b) + 6*o(b). Give m(-7).
1
Let m be (153/(-12))/(4/80). Let j be m/(-9) - (-7)/(-21). Suppose -4*i + j = 4*v, -v = 3*i + 3 - 14. Let c(w) = w - 6. Determine c(v).
-1
Let h(o) = o**3 - 5*o**2 + 5*o - 3. Let i be (10 - 286/39)*(-3)/(-2). Calculate h(i).
1
Let g = 2759 - 2767. Let x(y) = y**2 - y - 6. Give x(g).
66
Let b(q) be the third derivative of -q**9/60480 + q**8/5040 + q**7/840 - q**6/720 + q**5/4 - 2*q**2. Let v(h) be the third derivative of b(h). What is v(5)?
4
Let x(m) = m**3 - 10*m**2 + 9*m - 13. Let l = 581 - 572. What is x(l)?
-13
Suppose -4 - 11 = -5*l. Let t(v) = 75*v**2 + v**l - 40*v**2 - 39*v**2 - v. Calculate t(4).
-4
Let b(l) = -18*l + 25. Let o(g) = -18*g + 19. Let m(v) = -3*b(v) + 4*o(v). What is m(-2)?
37
Suppose 0 = -3*d - 4*l + 31, 5*d = -15*l + 11*l + 41. Let c(z) be the third derivative of 0*z + 0 + d*z**2 + 1/12*z**4 + 0*z**3. What is c(2)?
4
Let k = 23/14 + 13/7. Let t(x) be the first derivative of 1/3*x**3 + k*x**2 - 6 + 5*x. What is t(-4)?
-7
Suppose -12 = -0*w + 6*w. Let y be (4 + (-22)/4)*w. Let q(f) = -4*f**2 + 29 - y*f**2 + f**3 - 7*f - 33. Calculate q(8).
4
Let q be (-7 + 5 + 3)/((-1)/(-3)). Let u(i) = -2*i**2 + 3 + 0*i**3 - 4 - 3*i**3 + 5*i**q + 3*i. Give u(2).
13
Let p be (-156)/(-10) - 6/(-15). Let a = -23 + 28. Suppose -p = o - a*o. Let d(t) = -t**3 + 4*t**2 + 3*t - 1. Calculate d(o).
11
Let g(v) = -2*v**2 + 18*v. Suppose -2*i + 11 = -1. Let q(w) = 4*w + w**2 - 4*w - i*w. Let j(d) = -3*g(d) - 8*q(d). Calculate j(-4).
-8
Let t(w) = 7*w**2 + 9*w + 7. Let l(a) = -16*a**2 - 13*a - 1. Let g(s) = 18*s**2 + 14*s. Let f(h) = -5*g(h) - 6*l(h). Let m(q) = 5*f(q) - 4*t(q). Give m(-4).
18
Let n(w) = -35*w - 10. Let g(m) = 6*m. Let h(c) = 6*g(c) + n(c). What is h(13)?
3
Let n = 278 - 274. Let q(x) be the second derivative of 0 - 7/2*x**2 + n*x + 1/12*x**4 - x**3. Determine q(5).
-12
Suppose 2*k = -4*q - 8, -8 - 11 = -2*k + 5*q. Suppose 4*s - 6*f - 53 = -f, -5*f - 4 = 3*s. Suppose s*m + 5 = k*m. Let i(c) = -9*c + 1. What is i(m)?
10
Let s(i) = -i**2 + i + 5. Let b = 1 + 59. Let v = 56 - b. Determine s(v).
-15
Let x(i) = -5 + 93*i - 48*i - 4 - 41*i + 8. What is x(-2)?
-9
Let l(i) = i**2 - 5*i - 6. Let n(v) = v**2 + 16*v + 69. Let z be n(-8). Give l(z).
-6
Let v(n) = -4*n**2 + 2*n - 2. Let j be 12 - 14 - (-3 + -1). Give v(j).
-14
Let b(u) = -u**3 + 4*u**2 - 5*u + 4. Let h(t) = t**3 - 48*t**2 - 47*t - 95. Let x be h(49). Give b(x).
-2
Let s(x) = 11*x. Let b be s(5). Let y be b/22 - (-1)/2. Let v(a) = -1 + a**2 + 0*a**2 + 4*a - 2*a - a**y + 2*a**2. Determine v(3).
5
Let v(y) = -y**3 - 5*y**2 - 13*y - 81 + 20*y + 83. What is v(-5)?
-33
Let j(t) = -3*t + 0*t**2 + 4*t**2 - 4*t**2 - 3 - t**2. Determine j(-5).
-13
Let a = 3 - 1. Suppose z = 4*o - z - 6, 2 = a*z. Let d(c) = 1 - c + 0 + 2*c**2 + c + o*c. Give d(-2).
5
Suppose 0 = 8*i - 5*i - 6. Let n be (0 - -2) + (-4 - (-3 - i)). Let a(z) = 4*z**2 + 0*z**3 - z**2 - z**3. Calculate a(n).
0
Let o(q) = -7 + 2 - 9*q + 1. Let w be 34 + 5535/(-150) - 1/10. What is o(w)?
23
Let h be (-524)/393 + 2/(-6)*2. Let v(d) = d**2 + d + 3. Determine v(h).
5
Suppose -3*x = -11 + 2, 4*h - 54 = -2*x. Let f = 8 - h. Let u(j) = -3*j**2 + 2*j - 2*j**2 + 9*j**2 - 3*j**2 - 4. Give u(f).
4
Let q(m) = m - 4. Let d(g) = g**3 - 9*g**2 + 3*g - 7. Let w be d(9). Suppose 0 = 3*b - w - 4. Let u be (b/(-6))/((-4)/18). Give q(u).
2
Suppose 11*n + 3 = 10*n. Let w(q) = q + 6. Let j(v) = 3. Let z(i) = 5*j(i) - 3*w(i). Determine z(n).
6
Let h be -4 - (2 + -2 - -2). Let t(c) = c**3 + 5*c**2 - 8*c - 7. Let j be t(h). Let b(r) = 5*r + j*r - 9*r. What is b(6)?
6
Let c(q) = -q. Let d(g) = -g**3 + 5*g**2 + 5. Let z be d(5). Let o(s) = -12*s. Let k(y) = z*c(y) - o(y). Give k(1).
7
Suppose -52 = 15*o - 19*o. Let k(d) = -o*d + 13 - 5*d**2 + 12*d + 6*d**2. What is k(0)?
13
Let h(o) = -o + 17. Suppose -8*k + k + 308 = 0. Suppose k*y - 46*y = -22. Give h(y).
6
Let s(v) = -v**2 + 19*v - 26. Let p be s(18). Let o(i) = i**3 + i**2 + 1. Let j(r) = 4*r**3 + 11*r**2 + 2*r + 1. Let u(m) = j(m) - 3*o(m). What is u(p)?
-18
Suppose 5*h - 43 = -3*u + 5*u, -5*u - 55 = -5*h. Let f(y) = -y + h + 5*y - y - y**2 - 3. Let q(v) = -4*v**3 + 1. Let p be q(-1). Give f(p).
-6
Let v(h) = -h**3 - 16*h**2 - 11*h + 52. Let p be v(-15). Let f(u) = -u**3 - 7*u**2 + 10*u + 12. Calculate f(p).
-4
Let g(j) = j**2 + 5*j + 1. Let l(i) = 3*i**3 + 7*i**2 + 6*i - 5. Let o(a) = 2*a**3 + 7*a**2 + 5*a - 6. Let x(p) = 3*l(p) - 4*o(p). Let b be x(7). What is g(b)?
1
Let i(t) = t**3 - 8*t**2 + 7*t - 54. Let y be i(8). Let q(l) = -7*l**2 + l - 1. Determine q(y).
-27
Let t(r) be the first derivative of 1/4*r**4 - 3/2*r**2 + r - 5/3*r**3 - 11. What is t(5)?
-14
Let k(r) = 3*r. Let y(t) = -t**2 + 16*t - 19. Let s be y(10). Let f = s - 42. Determine k(f).
-3
Suppose 2*c + 10 = -4*o + c, 5*o - c + 17 = 0. Let k(l) = -2*l**2 - 11*l - 7. Let n be k(o). Let f(v) = -v**2 + 9*v - 5. Give f(n).
3
Let z(c) = 10*c**2 + 34 - 3*c - 36 - 11*c**2 - 2*c. Suppose 4*h - 4*n - 76 = -h, 0 = 5*n + 20. Let x = 7 - h. Calculate z(x).
-2
Let c = 19 + -16. Let v(r) = -1 + 4*r**3 + 7*r**3 - 3*r**c. Give v(1).
7
Suppose -4 - 9 = -5*v - h, 0 = 3*v + 5*h + 1. Suppose -5 = 12*t - 65. Suppose v*a - 8 = -t*a. Let q(p) = -2*p**3 - p**2. Give q(a).
-3
Let l(x) = 15*x**3 - 3*x**2 + 4*x**2 + 4*x**2 + 24*x + 5*x - 14. Let h(q) = 7*q**3 + 3*q**2 + 14*q - 7. Let j(k) = 13*h(k) - 6*l(k). What is j(-8)?
-7
Let c(i) be the third derivative of -i**5/120 + i**4/12 - 13*i**3/6 + 30*i**2. Let r(q) be the first derivative of c(q). Let s be -3 - 0 - (1 + -1). Give r(s).
5
Suppose -3*p = -11 + 2. Let b(y) = 3*y - y**3 + 1 - 3*y - 2*y**2 + 3*y + p*y. What is b(-4)?
9
Let a(l) = 5*l**3 + 5*l**2 + 4*l + 6. Let k(c) = -7*c**3 - 5*c**2 - 4*c - 8. Let o(r) = 3*a(r) + 2*k(r). Let m = 10 - 14. Give o(m).
2
Let t b